 q = c - -168. List the prime factors of q.
2, 3, 7
Let o = 47887 + -35358. List the prime factors of o.
11, 17, 67
Suppose 0 = -4*g + c + 10, -24*g = -21*g - 5*c - 16. What are the prime factors of g/(-14) - 82277/(-91)?
2, 113
Let v = 210570 + -145216. What are the prime factors of v?
2, 41, 797
Let r(y) = -y**3 + 35*y**2 - 39*y - 127. Let n be r(34). Let x = 68 - 278. Let f = x - n. What are the prime factors of f?
3, 29
List the prime factors of 6 + (-320)/50 + 1820244/60.
23, 1319
Suppose -3*m = 2*b - 21, -2*b + 0 = -6. Let i(l) = 13*l**3 + 11*l**2 - 15*l - 24. List the prime factors of i(m).
1801
Suppose -15*u + 3670 = -5*u. Let w = -163 + u. List the prime factors of w.
2, 3, 17
Let u be (-3)/(-6)*(1 + -1). Suppose u = -d - 0*d - 44. List the prime factors of (-4 - d/10)*415.
2, 83
List the prime factors of (2 - -4256) + (-138)/46 + 1.
2, 7, 19
Let x be 414/(-5) + (-3)/30*2. Let l = x + 172. Suppose -f + l = 4*v, -5*f - 5*v + 493 = -v. What are the prime factors of f?
101
Let z = 7198 + 19733. List the prime factors of z.
3, 47, 191
Suppose 16*d + 413 = v + 14*d, 4*d = -3*v + 1209. List the prime factors of v.
11, 37
Let u be (-6 - 1896/(-32))*(1 + 31). Suppose 11*z - u = 7*z. What are the prime factors of z?
2, 3, 71
Let c = 25330 - 12606. What are the prime factors of c?
2, 3181
Suppose 3*r - 1551 = -24. Suppose 2*k - 1135 = -r. What are the prime factors of k?
313
Suppose -30 = -13*w + 22. Suppose -w*q + 1193 = -139. List the prime factors of q.
3, 37
Let g = -220 + 231. Let p = 17 + -4. Suppose 140 = -g*l + p*l. List the prime factors of l.
2, 5, 7
Let h = 28811 - 15940. List the prime factors of h.
61, 211
Let q = -7545 + 13340. What are the prime factors of q?
5, 19, 61
Suppose 4*f = -50*a + 51*a - 27617, 5*a = -3*f + 138062. List the prime factors of a.
53, 521
Let j(w) = 8*w - 50. Let c be j(6). Let k be 2 + (c/5)/((-2)/(-10)). Suppose -532 = -4*m - 3*y - k*y, 3*y = -3*m + 402. List the prime factors of m.
2, 5, 13
Let k = -993 - -3003. Suppose 4*u = -2*u + k. What are the prime factors of u?
5, 67
Suppose 6334 = 6*z - 9362. Suppose z = 2*o + 10*o. List the prime factors of o.
2, 109
Let f = 48579 - 21908. List the prime factors of f.
149, 179
Suppose 6*n = 5*n - 5*h - 14, 5*n + h = -22. What are the prime factors of 694 + -1 + (-2 - n)?
5, 139
Let l = -271 + 303. Suppose -1 - 33 = -3*v - j, -l = -4*v - 4*j. List the prime factors of v.
13
Suppose 5*z = -r + 220, 4*z - 88 = 2*z + r. Suppose -5*j - z = 56. Let a = 31 + j. What are the prime factors of a?
11
Let j(s) = 5*s - 2. Let t be j(3). Let o = t - 9. Suppose -5*r - 2*g + 140 = 0, 0 = -r + o*g - 4 + 32. What are the prime factors of r?
2, 7
Let f be (-1)/1 + (-4)/(-1). Suppose -f*i - 5*w = -600, 3*w - 1000 = -5*i + 2*w. Let c = 339 - i. List the prime factors of c.
139
Suppose -17125 = -22*p + 17*p. Let l = -1865 + p. What are the prime factors of l?
2, 3, 5, 13
Let p(a) = 1156*a**2 + 41*a - 525. List the prime factors of p(8).
7, 83, 127
Suppose 0 = -2*l - 5*u - 6241, 1185 = -l + 3*u - 1963. Let y = -1927 - l. What are the prime factors of y?
2, 3, 67
Suppose 8*u = 12*u - 2920. What are the prime factors of u?
2, 5, 73
Suppose -33*c + 564101 + 587395 = 3*c. List the prime factors of c.
2, 3, 1777
Let z(l) = -76*l + 5 + 116*l + 4. List the prime factors of z(17).
13, 53
Suppose 3*i + 12 = 7*i. Let n(r) = 39*r**2 + 7*r + 3. Let q be n(i). Suppose 0 = -2*y, -5*w + 2*w + q = -y. What are the prime factors of w?
5
Let h(g) = -8*g + 16. Let c be (9/(-5) + 3)/((-9)/30). Let j be h(c). Let l = 229 - j. List the prime factors of l.
181
Let c = -14 - -11. Let i be c/(-5) + (-1908)/(-45). Let y = i - 8. List the prime factors of y.
5, 7
Let w = -251 - -420. Let i = w + 782. List the prime factors of i.
3, 317
Let c(k) = 1459*k - 841. What are the prime factors of c(9)?
2, 5, 1229
Suppose -2*h = -p - 35142, 36*p + 87855 = 5*h + 35*p. List the prime factors of h.
3, 5857
Let a(t) = -t**3 + 17*t**2 - 3*t - 50. Suppose -2*n + 2*j + 33 = 3*j, 4*n = -5*j + 69. List the prime factors of a(n).
2, 79
Suppose 3*z = 5*t - 166, -z - 70 = -2*t + 2*z. Let u(p) = -11 - 5 + 15 - t*p. List the prime factors of u(-1).
31
Let s = 19 + 64. Suppose 3*a - 127 = s. Suppose -41 = -3*k + a. What are the prime factors of k?
37
What are the prime factors of 52*190/(-152)*(-295 - 0)?
5, 13, 59
Let r = 537 - 532. Suppose -2*c = -4*q + 2316, 4*q + 0*q = r*c + 2322. What are the prime factors of q?
2, 17
Suppose 2*d + 124 = -5*b + 155, 0 = -3*d - 3*b + 24. Suppose 4*w = 4*u - 5080, -84*u - 6350 = -89*u - d*w. What are the prime factors of u?
2, 5, 127
Let g(a) = 16 - 15 + 70*a - 6. What are the prime factors of g(8)?
3, 5, 37
Let b(k) = -k**3 + 105*k**2 - 33*k - 413. List the prime factors of b(103).
2, 3, 967
Let d(n) = n**3 + 6*n**2 + 22*n + 51320. List the prime factors of d(0).
2, 5, 1283
Suppose 16*p - 6*p = -60. Let t(f) = f**2 + 5*f - 6. Let r be t(p). Suppose r = -6*d + d + 360. List the prime factors of d.
2, 3
Let p(r) = -252*r**3 + 11*r**2 + 22*r + 7. List the prime factors of p(-2).
7, 17
Let v(p) = -4*p**2 + 25*p**3 - 46*p**3 - 18*p - 33 + 20*p**3. What are the prime factors of v(-9)?
2, 3, 89
Let t = -31 - -34. Suppose -426 = -t*p - 3*d, -4*p - d = -5*d - 544. Let u = -27 + p. List the prime factors of u.
2, 7
Let p(x) = x**3 - 2*x**2 + 5*x + 2. Let o(d) = d**2 + 3*d. Let q be o(0). Suppose -3*n = -q*n - 15. List the prime factors of p(n).
2, 3, 17
Suppose 5*h - 7 = 18. Suppose 0 = 7*x - h*x - 3*x. Suppose 30*f - 26*f - 56 = x. What are the prime factors of f?
2, 7
Let l = -9676 - -35000. List the prime factors of l.
2, 13, 487
Suppose 116*f + 126773 - 513683 = 6562. What are the prime factors of f?
2, 53
Let r(o) be the third derivative of o**6/120 - 11*o**5/60 + o**4/2 + o**3/3 - o**2. Let v = -473 - -484. List the prime factors of r(v).
2, 67
Suppose -7*o + 52039 + 70805 = 5*o. List the prime factors of o.
29, 353
List the prime factors of (32/(-48))/(50019/25011 + -2).
2, 7, 397
Let v(h) = 35*h**3 - h**2 + 2*h - 1. Suppose 0 = 2*x + 3 + 3, 0 = -y + 3*x + 11. Let f be v(y). Let p = 396 - f. What are the prime factors of p?
3, 13
Suppose 6*t - 2*t + 4*k = 228, -t + 55 = -k. Suppose 61*w = t*w + 2355. List the prime factors of w.
3, 157
Suppose 10*f = 109 + 1. Let h(a) = 18*a + 71. Let v(l) = 54*l + 212. Let y(x) = -17*h(x) + 6*v(x). What are the prime factors of y(f)?
263
Suppose -26*c + 64 = -24*c. What are the prime factors of (-1366 - 0)*(-16)/c?
683
Let j = 11889 + -11223. List the prime factors of j.
2, 3, 37
Let c(q) = -3 - 2 - 11*q - 42*q - 29*q. Let g be c(-1). Suppose 0 = -3*i - 4*x + g, -3*x + 44 = 2*i - 4*x. What are the prime factors of i?
23
Let w(g) = g - 1. Let s be w(3). Suppose -7*q = -5*q - s*p - 174, -5*q - 4*p = -480. Suppose -4*y = -t + q, 0*y + 90 = t - 5*y. List the prime factors of t.
2, 5
Suppose 5*b = 3*a + 15, -12 + 6 = -2*b - 2*a. Suppose -2*k = -2*j + 866, -5*k = b*j - 697 - 642. What are the prime factors of j?
2, 3, 73
Let o(a) = 3058*a**2 + 10*a - 18. What are the prime factors of o(2)?
2, 3, 2039
Let f(j) = 63*j + 17. Let m(b) = -189*b - 52. Let w(x) = -8*f(x) - 3*m(x). What are the prime factors of w(4)?
2, 17
Suppose 7*s - 2072 = 3*s + 2180. List the prime factors of s.
1063
Let w be (7 - 0/3) + (3 - 6). Suppose 2 - 58 = w*r. What are the prime factors of (-2)/(-2)*(-7)/(r/390)?
3, 5, 13
Let v(s) = 55*s**2 - 9*s - 14. Let w be v(-3). Suppose w = 12*f + 4. What are the prime factors of f?
2, 3, 7
Let i(l) = -l**3 + 19*l**2 + 8. Let d be i(19). List the prime factors of ((-60)/d)/(9/(-372)).
2, 5, 31
Suppose -4*u - 7151 = -4*l + 6229, 2*u = -3*l + 10010. Let a = l + -2246. List the prime factors of a.
2, 547
Let w be (-4 - (-6 - -3)) + 0. Let h = w + 94. Suppose -4*p + x + h = 0, 5*p - 4*x - 42 = 66. List the prime factors of p.
2, 3
Suppose 0*j - 102 = j - 5*p, j = p - 94. Let h = 57 + j. Let r = 155 + h. List the prime factors of r.
2, 3, 5
Suppose 3*x + 4*l - 28 = 0, 14*x - 12*x - 3*l + 4 = 0. Suppose -x*s = 117 - 681. What are the prime factors of s?
3, 47
Suppose -90 = -w + 30. Let l = -65 + w. What are the prime factors of l?
5, 11
Let v be (3 + -1 - -2)/((-2)/(-5)). Let p = v + 8. What are the prime factors of 1038/p - 8/(-6)?
59
Let n = 3256 - 2098. Let 